84?
49
What is the highest common factor of 210 and 1785?
105
Calculate the highest common divisor of 70 and 805.
35
What is the greatest common factor of 71 and 639?
71
Calculate the greatest common factor of 120 and 312.
24
Calculate the greatest common factor of 1891 and 854.
61
What is the highest common divisor of 55 and 5?
5
What is the greatest common factor of 177 and 236?
59
What is the highest common factor of 567 and 108?
27
What is the highest common factor of 1921 and 678?
113
Calculate the highest common factor of 54 and 2.
2
What is the highest common divisor of 180 and 50?
10
What is the greatest common factor of 9339 and 66?
33
What is the highest common divisor of 40 and 7960?
40
Calculate the highest common factor of 1035 and 621.
207
What is the greatest common divisor of 117 and 1300?
13
Calculate the highest common divisor of 106 and 530.
106
Calculate the highest common divisor of 371 and 49.
7
What is the highest common factor of 80 and 1728?
16
Calculate the greatest common divisor of 14 and 2016.
14
Calculate the highest common factor of 60 and 80.
20
Calculate the highest common divisor of 9100 and 100.
100
What is the highest common factor of 108 and 24?
12
Calculate the highest common factor of 380 and 1760.
20
What is the highest common factor of 324 and 126?
18
What is the greatest common factor of 60 and 228?
12
Calculate the greatest common factor of 116 and 12.
4
Calculate the highest common divisor of 29502 and 198.
198
Calculate the highest common divisor of 64 and 288.
32
What is the greatest common divisor of 5 and 865?
5
What is the highest common factor of 485 and 97?
97
Calculate the highest common divisor of 18 and 18.
18
What is the greatest common divisor of 54 and 171?
9
Calculate the greatest common factor of 415 and 20.
5
What is the greatest common factor of 3 and 204?
3
What is the highest common factor of 5134 and 51?
17
What is the greatest common factor of 9 and 18?
9
What is the highest common divisor of 73 and 70591?
73
Calculate the highest common divisor of 45 and 9.
9
Calculate the greatest common divisor of 7 and 9.
1
What is the greatest common factor of 18 and 27?
9
Calculate the greatest common factor of 36 and 972.
36
What is the highest common divisor of 2538 and 54?
54
Calculate the highest common divisor of 24 and 348.
12
Calculate the greatest common factor of 5 and 15.
5
What is the highest common divisor of 23 and 4393?
23
What is the greatest common factor of 120 and 465?
15
Calculate the highest common factor of 25 and 975.
25
Calculate the highest common factor of 2 and 276.
2
Calculate the highest common divisor of 84 and 276.
12
Calculate the greatest common factor of 4 and 8.
4
What is the highest common divisor of 59648 and 256?
256
Calculate the greatest common factor of 304 and 551.
19
Calculate the highest common divisor of 184 and 16.
8
Calculate the greatest common factor of 667 and 69.
23
What is the highest common divisor of 104 and 104?
104
Calculate the highest common divisor of 468 and 3640.
52
Calculate the highest common factor of 8 and 4284.
4
Calculate the greatest common factor of 15 and 455.
5
What is the highest common divisor of 61235 and 185?
185
What is the highest common divisor of 168 and 2226?
42
Calculate the greatest common factor of 12 and 225.
3
Calculate the highest common divisor of 240 and 15.
15
Calculate the greatest common factor of 45120 and 60.
60
What is the greatest common divisor of 578 and 2618?
34
Calculate the greatest common factor of 594 and 2046.
66
Calculate the highest common factor of 748 and 272.
68
Calculate the greatest common divisor of 186 and 18.
6
Calculate the highest common divisor of 102 and 85.
17
Calculate the highest common divisor of 248 and 1643.
31
Calculate the highest common factor of 24 and 5704.
8
Calculate the highest common divisor of 276 and 6486.
138
What is the highest common factor of 276 and 69?
69
What is the greatest common factor of 68 and 1343?
17
What is the greatest common divisor of 4617 and 475?
19
Calculate the highest common divisor of 126 and 2961.
63
What is the greatest common divisor of 213 and 243?
3
What is the greatest common divisor of 80 and 470?
10
What is the greatest common factor of 8 and 32?
8
Calculate the greatest common factor of 4 and 4156.
4
What is the greatest common divisor of 15 and 255?
15
What is the greatest common factor of 52 and 12?
4
Calculate the greatest common factor of 100 and 2150.
50
What is the greatest common divisor of 48 and 12?
12
Calculate the greatest common factor of 329 and 9682.
47
Calculate the greatest common factor of 144 and 1164.
12
Calculate the greatest common factor of 5539 and 87.
29
Calculate the greatest common divisor of 64 and 7584.
32
Calculate the greatest common factor of 119658 and 22.
22
Calculate the greatest common factor of 6 and 1414.
2
Calculate the highest common divisor of 18 and 56.
2
Calculate the greatest common factor of 608 and 76.
76
Calculate the greatest common factor of 30 and 10.
10
Calculate the greatest common factor of 1275 and 102.
51
Calculate the greatest common divisor of 6 and 69.
3
What is the greatest common divisor of 5600 and 175?
175
Calculate the greatest common factor of 780 and 120.
60
Calculate the highest common divisor of 1212 and 60.
12
Calculate the greatest common factor of 210 and 1316.
14
Calculate the highest common divisor of 288 and 60.
12
What is the greatest common factor of 72896 and 34?
34
What is the greatest common factor of 88 and 4004?
44
Calculate the greatest common divisor of 469 and 238.
7
Calculate the greatest common factor of 16 and 6.
2
What is the greatest common factor of 729 and 9?
9
Calculate the highest common factor of 56 and 3712.
8
What is the greatest common factor of 32 and 4256?
32
Calculate the highest common factor of 832 and 39.
13
Calculate the greatest common factor of 372 and 120.
12
What is the highest common divisor of 10245 and 15?
15
What is the greatest common factor of 1475 and 125?
25
Calculate the greatest common divisor of 539 and 686.
49
What is the highest common divisor of 2176 and 1408?
128
What is the highest common divisor of 3105 and 23?
23
What is the greatest common factor of 740 and 140?
20
Calculate the highest common divisor of 328 and 41.
41
What is the greatest common divisor of 549 and 61?
61
Calculate the greatest common factor of 11 and 1672.
11
What is the greatest common divisor of 7 and 57?
1
What is the highest common divisor of 792 and 1386?
198
What is the highest common divisor of 140 and 8?
4
What is the greatest common divisor of 6 and 636?
6
What is the greatest common factor of 80 and 220?
20
What is the highest common divisor of 576 and 90?
18
Calculate the highest common divisor of 5920 and 555.
185
What is the greatest common factor of 304 and 361?
19
What is the greatest common divisor of 2006 and 187?
17
Calculate the highest common factor of 624 and 78.
78
What is the highest common divisor of 65 and 25?
5
Calculate the highest common factor of 1 and 5.
1
Calculate the greatest common factor of 4 and 124.
4
Calculate the highest common divisor of 64 and 4248.
8
What is the highest common divisor of 54 and 74?
2
What is the highest common factor of 440 and 110?
110
Calculate the greatest common divisor of 1582 and 14.
14
Calculate the highest common divisor of 106 and 901.
53
What is the highest common factor of 3984 and 16?
16
Calculate the greatest common divisor of 10 and 40.
10
Calculate the highest common divisor of 160 and 5.
5
What is the highest common factor of 231 and 14?
7
What is the highest common divisor of 22 and 7513?
11
What is the highest common factor of 28 and 154?
14
What is the greatest common divisor of 20 and 230?
10
What is the highest common divisor of 136 and 374?
34
Calculate the highest common factor of 66 and 174.
6
What is the greatest common factor of 36 and 5436?
36
What is the greatest common factor of 15 and 6?
3
Calculate the highest common divisor of 16 and 464.
16
What is the highest common factor of 8 and 12460?
4
What is the highest common factor of 20 and 510?
10
What is the highest common factor of 80 and 5740?
20
Calculate the highest common divisor of 36 and 7